divided by n?
5
Suppose -5*p + 1739 = -0*p - 4*s, 0 = -3*p - 5*s + 1036. What is the remainder when p is divided by 45?
32
Let u = 1646 - 1127. Calculate the remainder when u is divided by 18.
15
Calculate the remainder when (5 + -4)/(568/188 - 3) is divided by -5*12*(-3)/15.
11
Calculate the remainder when 522/609*(-1246)/(-3) is divided by 40.
36
Suppose -g - 4*v = -57, -g - 3*v = -2*g + 64. What is the remainder when g is divided by 16?
13
Suppose 2*m + 17 - 7 = 0, -5*r - m = -185. Calculate the remainder when 110 is divided by r.
34
Let o(l) = 5*l + 3. Let i = -39 + -7. Let d = -41 - i. What is the remainder when o(3) is divided by d?
3
Suppose -4*a + 4*m = -40, -4*a + 2*m = -3*a - 14. Calculate the remainder when 59 is divided by ((-525)/(-70))/(a/16 + 0).
19
Let m(a) = -a**3 - a**2 + 46. Calculate the remainder when m(0) is divided by 37.
9
Suppose 4*v - 413 = -o, 2*v = -2*v - 5*o + 417. Let n = v + -64. Suppose -n - 53 = -4*p. What is the remainder when p is divided by 13?
10
Calculate the remainder when 1096*1 - (-106 + 99) is divided by 9.
5
Let g = -119 + 217. Calculate the remainder when g is divided by 10.
8
Let r = 198 + 142. What is the remainder when r is divided by 49?
46
Let f = 20 + -15. Suppose 0 = -3*z - 5*n + 151, -3*n = -3*z - f*n + 145. Let y = z + -19. Calculate the remainder when 110 is divided by y.
26
Let p = 82 - 39. Suppose 4*f + 44 + 36 = 4*x, -5*x = -3*f - 104. Calculate the remainder when p - (-1 + (-3)/(-3)) is divided by x.
21
Let c(d) be the first derivative of 3*d**4/4 + 7*d**2/2 - 5*d + 24. Calculate the remainder when c(2) is divided by 17.
16
Suppose 3*t - 150 = -3*w, 8*w - 5*w - 152 = -4*t. Let m(k) = -k**3 + k**2 + 3*k + 3. Let o be m(3). Calculate the remainder when w is divided by 3/6*o + 13.
8
Suppose -4*a + 4*v = -40, v + 30 = 7*a - 2*a. Suppose -a*h + 300 = -5*p, 4*h - 233 = p - 8. Calculate the remainder when h is divided by 8.
7
Let x(d) = 3*d - 3. Let u be (1168/4)/2 - -4. Let t = u - 147. Calculate the remainder when t is divided by x(2).
0
Let t = -1343 + 1361. What is the remainder when 1367 is divided by t?
17
Suppose 2*j = -8*c + 5*c + 36, -c + 5*j + 12 = 0. Let t be 4/(16/c) - -1. Suppose u - t = 8. Calculate the remainder when u is divided by 3.
0
Calculate the remainder when (-9 + 12 - 1) + (193 - 2) is divided by 37.
8
Let v(f) = -f**2 + 54*f + 113. What is the remainder when v(25) is divided by 21?
19
Suppose 0 = 7*v - 2*v. Suppose -44*p + 48*p - 32 = v. Let b(y) = 2*y**2 - 6*y - 7. What is the remainder when b(5) is divided by p?
5
Let c = -63 + 95. Calculate the remainder when -1 + (-6)/(-8) - 25250/(-200) is divided by c.
30
Let k = 28 - 25. Suppose g = 5 + 3. Let y(h) = h**3 - 8*h**2 + h - 1. What is the remainder when y(g) is divided by k?
1
Suppose 0 = -5*l - 2*u + 914, 165 = l + 5*u - 4. Let d = l + -99. What is the remainder when d is divided by 11?
8
What is the remainder when 76 is divided by 3/5 - (-3745)/175?
10
Suppose 66 = 6*k - 4*k. Let c(d) = -d**2 - 9*d - 2. Calculate the remainder when k is divided by c(-7).
9
Let x(m) = -6*m - 5. What is the remainder when 27 is divided by x(-2)?
6
Calculate the remainder when 496 is divided by 9/((-9)/(-64)) + 7.
70
Let k = -115 + 163. Calculate the remainder when 67 is divided by k.
19
Let y(d) = -7*d - 2. Calculate the remainder when 48 is divided by y(-4).
22
Suppose -z = -8 - 4. Let x(r) = 2*r**2 + 15*r + 19. Let v be ((-6)/(-8))/((-1)/12). Calculate the remainder when x(v) is divided by z.
10
Let i(y) = -y + 75. What is the remainder when i(8) is divided by 29?
9
Let y(i) = -i**2 - 3*i + 118. Calculate the remainder when 119 is divided by y(-11).
29
Let s = -830 + 836. Let k(z) = -z**3 + z**2 + z + 15. What is the remainder when k(0) is divided by s?
3
Let p = 1256 + -1210. Calculate the remainder when 142 is divided by p.
4
Suppose 0 = -4*y + 2*y + 2*x + 36, 0 = -5*y - 4*x + 54. Calculate the remainder when 91 is divided by y.
7
Suppose -24*i = -29*i + 95. Let v(j) = -j**2 - 4*j + 5. Calculate the remainder when i is divided by v(-4).
4
Let v(o) be the second derivative of o**5/20 + o**3/2 - o**2 + 60*o. What is the remainder when v(2) is divided by 8?
4
Suppose -11 = -2*g + 3. Calculate the remainder when 1*10/((-140)/(-14)) is divided by 5/g + (-6)/(-21).
0
Let h(s) = s**3 - 11*s**2 + 2. Let j be h(11). Suppose -j*m = -10 + 4. Calculate the remainder when 9 is divided by m - (0 + (0 - 3)).
3
Let m be ((-14)/4)/((-1)/(-4)). Let t be 4/m*(-13 + -1). Let u(q) = 11*q + 7. What is the remainder when u(t) is divided by 13?
12
Let y = -249 + 370. Calculate the remainder when y is divided by 25.
21
Suppose 61 = -10*m + 1791. Let k = m - 160. What is the remainder when 35 is divided by k?
9
Suppose i + i = 98. Suppose 2*g - 41 = 2*o + 3*o, i = 3*g - 5*o. What is the remainder when g is divided by (-108)/(-30) + 3/(-5)?
2
Suppose 144 = 2*m - 5*m. Suppose 2*f + 3 = -r, -3*r - 9 = 2*f + 3*f. Let u = f - m. What is the remainder when u is divided by 17?
14
Suppose 81 = 7*s + 18. What is the remainder when 10 is divided by s?
1
Suppose 7*o - 3*o = 3*l + 14, 0 = -5*l - o + 15. Suppose -l*q + 3 = -171. Calculate the remainder when q is divided by 18.
15
Let z be -2*8/(48/(-441)). Let c = 285 - z. What is the remainder when c is divided by 20?
18
Let s be -3 - (-3 - 3)*2. Let l(j) = j**3 - 10*j**2 + 10*j - 11. Let u be l(s). What is the remainder when (-2)/(u/16*2) is divided by 3?
2
Let h = -115 - -193. Suppose h*x = 74*x + 396. Calculate the remainder when x is divided by 34.
31
Suppose -9 = -5*z + 6, 0 = -4*c + 3*z - 53. Let g(y) = y**3 + 12*y**2 + 9*y - 18. Calculate the remainder when 13 is divided by g(c).
1
Let g(b) be the third derivative of -b**4/24 - 13*b**3/6 - 3*b**2. Let q be g(-6). Let s = q + 18. What is the remainder when 20 is divided by s?
9
Let c = 1036 + -1019. Calculate the remainder when 382 is divided by c.
8
Let v = -111 - -129. Let s(x) = -x**3 + x**2 - x - 1. Let r be s(0). What is the remainder when (-34)/r - (2 + -2) is divided by v?
16
Suppose 5*q - 401 = -4*w - 70, -4*w = -4*q - 376. Calculate the remainder when w is divided by 50.
39
Let c(s) = 2*s**3 - s**2 - s - 3*s + s - 2 + 4*s. Calculate the remainder when 46 is divided by c(2).
10
Suppose 2*i + 63 = a + 2*a, 2*a - 42 = -5*i. Calculate the remainder when 2193/21 + (-27)/63 is divided by a.
20
Suppose 180*w = 45*w + 26190. Calculate the remainder when 395 is divided by w.
7
Suppose 3*f = 115 - 37. Calculate the remainder when 233 is divided by f.
25
Let y be 4 - (-3)/((-9)/(-24)). Let a = y - 9. Suppose -2*z + 2*k + 60 = a*z, -25 = -5*z - 5*k. What is the remainder when 57 is divided by z?
7
Let p(o) = o + 3 + 0 - 3*o - 9. Let d be p(-5). Suppose -9*s + d*s + 15 = 0. What is the remainder when 3 is divided by s?
0
Let s = 257 - 233. Calculate the remainder when 115 is divided by s.
19
Let u(w) = w**3 + 5*w**2 + 3*w - 2. Let c be u(-4). Suppose c*d + 5*q - 46 = -d, 35 = 2*d - q. Let n = 13 + -4. What is the remainder when d is divided by n?
8
Suppose 0 = 3*l - 4*p + 1, 0 = 5*l + p - 3*p - 17. Calculate the remainder when -2 + 2 + l + -2 + 37 is divided by 14.
12
Suppose 5*j + 153 = -4*v, -7*j = -5*j + 2*v + 60. Let g = -17 - j. Calculate the remainder when 58 is divided by g.
10
What is the remainder when (3*(-12)/108)/(1/(-213)) is divided by (1 - (-2)/(-4))*72?
35
Let o = 120 + -9. Let c(i) = 2*i**3 + 29*i**2 + 12*i - 12. What is the remainder when o is divided by c(-14)?
15
Suppose 0 = -2*i - 3*u - 1, 4*u + 7 = -3*i + 6. Suppose -15 = 2*q - 7*q. Suppose q = z - i. Calculate the remainder when 15 is divided by z.
3
Suppose 3*j = 9 + 21. Let c be -130*-2*5/j. Suppose c = 2*n + 3*n. What is the remainder when n is divided by 14?
12
Suppose 2*i = j - 3*i + 22, 0 = 2*j + i. Suppose -375 = -5*f + 5*u, -3*u = 2*f - 183 + 38. What is the remainder when f is divided by j/(-4)*(32 - -6)?
17
Let l(v) = v**3 + 3*v**2 - 9*v + 1. Calculate the remainder when 671 is divided by l(3).
27
Let v = 1822 - 1763. What is the remainder when v is divided by 18?
5
Let g(i) = -2*i - 1. Let b be g(-2). Suppose 0*l - b*o + 6 = l, -4*l = 3*o - 33. What is the remainder when 16 is divided by l?
7
Suppose -5*u + 8*q = 4*q - 471, -q = -2*u + 186. What is the remainder when 179 is d